{"id":33038,"date":"2024-06-18T15:56:42","date_gmt":"2024-06-18T15:56:42","guid":{"rendered":"https:\/\/www.louizaauktion.com\/product\/cesar-cesar-baldaccini-dit-1921-1998-dapres-affiche-pour-lexposition-cesar-a-la-defense-compressions-de-papiers-du-20-juin-au-8-sept-1990-exposition-organisee-a\/"},"modified":"2024-06-18T15:56:43","modified_gmt":"2024-06-18T15:56:43","slug":"cesar-cesar-baldaccini-dit-1921-1998-dapres-affiche-pour-lexposition-cesar-a-la-defense-compressions-de-papiers-du-20-juin-au-8-sept-1990-exposition-organisee-a","status":"publish","type":"product","link":"https:\/\/www.louizaauktion.com\/en\/product\/cesar-cesar-baldaccini-dit-1921-1998-dapres-affiche-pour-lexposition-cesar-a-la-defense-compressions-de-papiers-du-20-juin-au-8-sept-1990-exposition-organisee-a\/","title":{"rendered":"C\u00e9sar, C\u00e9sar Baldaccini said (1921-1998), After. Poster for the exhibition \u201cC\u00e9sar \u00e0 la D\u00e9fense, compressions de papiers\u201d from June 20 to September 8, 1990. Exhibition organized at La D\u00e9fense by the Beaubourg Gallery, EPAD and the La Rochette group. 1990."},"content":{"rendered":"<p>Poster for the exhibition \u201cC\u00e9sar \u00e0 la D\u00e9fense, compressions de papiers\u201d from June 20 to September 8, 1990. Exhibition organized at La D\u00e9fense by the Beaubourg Gallery, EPAD and the La Rochette group. 1990. <\/p>\n<p>175 x 118 cm <\/p>\n<p>60\/80\u20ac<\/p>","protected":false},"excerpt":{"rendered":"<p>Poster for the exhibition \u201cC\u00e9sar \u00e0 la D\u00e9fense<\/p>","protected":false},"featured_media":32448,"comment_status":"open","ping_status":"closed","template":"","meta":{"_acf_changed":false},"product_brand":[],"product_cat":[15],"product_tag":[65],"class_list":{"0":"post-33038","1":"product","2":"type-product","3":"status-publish","4":"has-post-thumbnail","6":"product_cat-uncategorized","7":"product_tag-vente-2024-06-29","9":"first","10":"instock","11":"shipping-taxable","12":"purchasable","13":"product-type-simple"},"acf":[],"_links":{"self":[{"href":"https:\/\/www.louizaauktion.com\/en\/wp-json\/wp\/v2\/product\/33038","targetHints":{"allow":["GET"]}}],"collection":[{"href":"https:\/\/www.louizaauktion.com\/en\/wp-json\/wp\/v2\/product"}],"about":[{"href":"https:\/\/www.louizaauktion.com\/en\/wp-json\/wp\/v2\/types\/product"}],"replies":[{"embeddable":true,"href":"https:\/\/www.louizaauktion.com\/en\/wp-json\/wp\/v2\/comments?post=33038"}],"wp:featuredmedia":[{"embeddable":true,"href":"https:\/\/www.louizaauktion.com\/en\/wp-json\/wp\/v2\/media\/32448"}],"wp:attachment":[{"href":"https:\/\/www.louizaauktion.com\/en\/wp-json\/wp\/v2\/media?parent=33038"}],"wp:term":[{"taxonomy":"product_brand","embeddable":true,"href":"https:\/\/www.louizaauktion.com\/en\/wp-json\/wp\/v2\/product_brand?post=33038"},{"taxonomy":"product_cat","embeddable":true,"href":"https:\/\/www.louizaauktion.com\/en\/wp-json\/wp\/v2\/product_cat?post=33038"},{"taxonomy":"product_tag","embeddable":true,"href":"https:\/\/www.louizaauktion.com\/en\/wp-json\/wp\/v2\/product_tag?post=33038"}],"curies":[{"name":"wp","href":"https:\/\/api.w.org\/{rel}","templated":true}]}}

César, César Baldaccini said (1921-1998), After. Poster for the exhibition “César à la Défense, compressions de papiers” from June 20 to September 8, 1990. Exhibition organized at La Défense by the Beaubourg Gallery, EPAD and the La Rochette group. 1990.

<p>Poster for the exhibition “César à la Défense, compressions de papiers” from June 20 to September 8, 1990. Exhibition organized at La Défense by the Beaubourg Gallery, EPAD and the La Rochette group. 1990. </p>
<p>175 x 118 cm </p>
<p>60/80€</p>

<p>Poster for the exhibition “César à la Défense</p>
